
Calculate the remainder when 67375 is divided by 168.
7
Calculate the remainder when 42432 is divided by 4155.
882
What is the remainder when 315112 is divided by 418?
358
Calculate the remainder when 52064 is divided by 52056.
8
What is the remainder when 21543474 is divided by 410?
24
Calculate the remainder when 63534 is divided by 1300.
1134
Calculate the remainder when 8775490 is divided by 50725.
65
What is the remainder when 45026017 is divided by 9005203?
2
What is the remainder when 3571453 is divided by 4182?
25
Calculate the remainder when 96659 is divided by 4004.
563
What is the remainder when 359575 is divided by 71777?
690
What is the remainder when 1847442 is divided by 92?
82
Calculate the remainder when 4225022 is divided by 1024.
1022
What is the remainder when 17470264 is divided by 2183782?
8
Calculate the remainder when 638748030 is divided by 27.
12
What is the remainder when 3038226874 is divided by 1175?
1174
Calculate the remainder when 212133718 is divided by 15.
13
Calculate the remainder when 52361219 is divided by 142.
139
Calculate the remainder when 1230873 is divided by 307673.
181
Calculate the remainder when 1499958 is divided by 13761.
9
What is the remainder when 21171 is divided by 33?
18
Calculate the remainder when 36293442 is divided by 130084.
6
What is the remainder when 1717765 is divided by 1896?
1885
What is the remainder when 10663117 is divided by 1121?
165
Calculate the remainder when 902332 is divided by 225570.
52
What is the remainder when 17408834 is divided by 185?
149
What is the remainder when 328790 is divided by 781?
770
Calculate the remainder when 1425929 is divided by 6423.
23
Calculate the remainder when 5736909 is divided by 29420.
9
What is the remainder when 356203 is divided by 2456?
83
What is the remainder when 11266376 is divided by 75613?
39
Calculate the remainder when 88254 is divided by 796.
694
Calculate the remainder when 6208 is divided by 354.
190
Calculate the remainder when 18932799 is divided by 93265.
4
What is the remainder when 215165823 is divided by 34992?
15
Calculate the remainder when 3450122 is divided by 4594.
28
What is the remainder when 146633307 is divided by 224?
219
Calculate the remainder when 12715266 is divided by 1412794.
120
What is the remainder when 110383 is divided by 557?
97
What is the remainder when 3308357 is divided by 130?
117
Calculate the remainder when 4372746 is divided by 76.
10
Calculate the remainder when 81611725 is divided by 1073838.
37
What is the remainder when 15528 is divided by 2069?
1045
Calculate the remainder when 3214021 is divided by 42.
13
Calculate the remainder when 2203856014 is divided by 16.
14
Calculate the remainder when 203792 is divided by 28470.
4502
What is the remainder when 782143 is divided by 1262?
965
Calculate the remainder when 2662338 is divided by 1762.
1718
What is the remainder when 66607 is divided by 21907?
886
Calculate the remainder when 44004902 is divided by 1759.
1758
What is the remainder when 885065 is divided by 2712?
953
What is the remainder when 50008 is divided by 9781?
1103
Calculate the remainder when 166131 is divided by 11059.
246
Calculate the remainder when 552160 is divided by 588.
28
Calculate the remainder when 122173 is divided by 116.
25
Calculate the remainder when 126610 is divided by 62998.
614
What is the remainder when 9878371 is divided by 142?
141
What is the remainder when 1845863 is divided by 516?
131
Calculate the remainder when 5897870 is divided by 1016.
1006
Calculate the remainder when 455673 is divided by 1434.
1095
Calculate the remainder when 11718950 is divided by 549.
545
Calculate the remainder when 6694737 is divided by 39.
36
Calculate the remainder when 19361913 is divided by 60.
33
What is the remainder when 508694 is divided by 72183?
3413
What is the remainder when 1288069 is divided by 161006?
21
Calculate the remainder when 793648 is divided by 198396.
64
What is the remainder when 321201884 is divided by 160600938?
8
What is the remainder when 111092 is divided by 284?
48
Calculate the remainder when 125325 is divided by 3563.
620
What is the remainder when 1441462 is divided by 68?
66
What is the remainder when 2071326 is divided by 23808?
30
What is the remainder when 180469 is divided by 12005?
394
What is the remainder when 437834 is divided by 108693?
3062
What is the remainder when 4334264 is divided by 3550?
3264
Calculate the remainder when 5677135 is divided by 628.
15
Calculate the remainder when 206451 is divided by 68709.
324
What is the remainder when 1175265 is divided by 287?
0
What is the remainder when 3450157 is divided by 2475?
7
What is the remainder when 421036 is divided by 84139?
341
Calculate the remainder when 1528021 is divided by 58.
11
What is the remainder when 126748 is divided by 12596?
788
Calculate the remainder when 11193 is divided by 265.
63
What is the remainder when 286552 is divided by 2291?
177
What is the remainder when 806637 is divided by 3585?
12
Calculate the remainder when 92038798 is divided by 965.
958
What is the remainder when 1013860 is divided by 99?
1
What is the remainder when 308152 is divided by 41?
37
What is the remainder when 61560174 is divided by 688?
686
Calculate the remainder when 12509482 is divided by 321.
112
Calculate the remainder when 8355253 is divided by 134762.
9
What is the remainder when 126597112 is divided by 171?
169
Calculate the remainder when 29074 is divided by 21889.
7185
What is the remainder when 46414 is divided by 1084?
886
What is the remainder when 38501199 is divided by 8?
7
Calculate the remainder when 253358 is divided by 4973.
4708
What is the remainder when 29793903 is divided by 1040?
1023
What is the remainder when 29124 is divided by 1120?
4
Calculate the remainder when 255789 is divided by 84688.
1725
Calculate the remainder when 216085 is divided by 107809.
467
Calculate the remainder when 291991 is divided by 72479.
2075
Calculate the remainder when 2097476 is divided by 1583.
1
What is the remainder when 626698 is divided by 4712?
2
Calculate the remainder when 303020 is divided by 12307.
7652
Calculate the remainder when 36898570 is divided by 18477.
1
What is the remainder when 3839873 is divided by 59998?
1
What is the remainder when 2285984 is divided by 134468?
28
What is the remainder when 412059 is divided by 424?
355
Calculate the remainder when 306757 is divided by 88.
77
Calculate the remainder when 33160255 is divided by 16.
15
What is the remainder when 222329 is divided by 1568?
1241
What is the remainder when 71084 is divided by 2727?
182
What is the remainder when 21123956 is divided by 32?
20
What is the remainder when 30252 is divided by 458?
24
What is the remainder when 132358 is divided by 430?
348
What is the remainder when 21034 is divided by 424?
258
Calculate the remainder when 697433 is divided by 434.
429
Calculate the remainder when 5752377 is divided by 1150467.
42
What is the remainder when 1414583 is divided by 61?
54
Calculate the remainder when 2848344 is divided by 1210.
4
What is the remainder when 3221923 is divided by 75?
73
What is the remainder when 936063 is divided by 310?
173
Calculate the remainder when 70308 is divided by 69528.
780
Calculate the remainder when 5822368 is divided by 9169.
53
What is the remainder when 4310627 is divided by 230?
197
What is the remainder when 24789861 is divided by 8263286?
3
What is the remainder when 85433 is divided by 2034?
5
Calculate the remainder when 37448 is divided by 249.
98
Calculate the remainder when 653195 is divided by 730.
575
What is the remainder when 166665 is divided by 13871?
213
Calculate the remainder when 6615070 is divided by 1236.
1234
What is the remainder when 358626 is divided by 3220?
1206
Calculate the remainder when 5512407 is divided by 1674.
1599
What is the remainder when 6694439 is divided by 1328?
1319
Calculate the remainder when 7112588 is divided by 851.
781
Calculate the remainder when 64339 is divided by 20983.
1390
What is the remainder when 82611501 is divided by 7510135?
16
What is the remainder when 422481 is divided by 105619?
5
Calculate the remainder when 3022261 is divided by 56.
53
Calculate the remainder wh